eatest common factor of h and 7.
7
Suppose s + 2 - 6 = 0. Let z = 15 - 5. What is the greatest common divisor of s and z?
2
Let d be -4*(-18)/192 - (-157)/8. What is the greatest common factor of d and 60?
20
Suppose 3*t - 165 = -21. Suppose -4*o = 3*o - 42. What is the highest common divisor of t and o?
6
Let a(w) = w**3 - w**2 + 2*w - 6. Let n be a(3). What is the greatest common divisor of 9 and n?
9
Let j(a) = -a**2 - 5*a - 1. Let k be j(-4). Suppose -2*t + 9 = -5*t, -3*t = k*x - 15. What is the greatest common divisor of x and 20?
4
Let h(i) = i**2 + 4*i - 19. Let t be h(11). Let m = t - 86. What is the greatest common divisor of m and 15?
15
Suppose 0 = 7*t - 3*t - 520. Suppose -t = p - 3*p. Calculate the greatest common factor of p and 26.
13
Suppose -3*i + 5*i = 68. Let z = i + 11. Calculate the greatest common divisor of 18 and z.
9
Let y = 4 + -1. Let n be (-1)/(-1 + y/4). Let o(c) = 3*c + 4. Let v be o(0). What is the highest common factor of n and v?
4
Suppose -9 - 39 = -4*q. What is the highest common factor of q and 6?
6
Let y be (-108)/(-14) - 4/(-14). Suppose -4*q - 80 = -4*p, -5*q + q - y = 0. Suppose -248 = -3*z + 184. What is the greatest common divisor of p and z?
18
Suppose -10*z + 97 = -83. Calculate the greatest common factor of z and 36.
18
Let x(r) = -r**2 + 2*r - 2. Let i be x(2). Let p be (-3784)/(-14) + i/7. Suppose 0 = 3*k + 2*k - p. Calculate the greatest common divisor of 6 and k.
6
Suppose -4*c = -b - 48, -b + 5*b + 248 = 2*c. Let m = b + 115. What is the highest common divisor of m and 34?
17
Let c be (0 - -1 - -2) + 204. Calculate the highest common divisor of 23 and c.
23
Suppose -5 = -4*r + 3. Suppose -3*c - 5*h = 6, 0 = -r*c + 4*h + 3 + 15. Let d be ((-28)/(-8) + -3)*6. Calculate the greatest common divisor of d and c.
3
Let x(a) = -a**2 - 11*a + 6. Let u = 0 + -11. Let p be x(u). Calculate the greatest common divisor of 6 and p.
6
Let o = 2 - 5. Let r be -1 + (-3)/o - -3. Suppose -r*w = -g - 25 + 1, -25 = -4*w - g. What is the greatest common divisor of w and 21?
7
Let q be (-30)/(-3) - 0 - 4. What is the highest common factor of 66 and q?
6
Let h(w) = 40*w - 1. Let x be h(1). Let v = 75 - x. Calculate the highest common factor of 9 and v.
9
Let f be (-1 - 51)*(-6)/(-8). Let v = f + 75. Calculate the highest common factor of 12 and v.
12
Suppose 2*y = 3*q + q - 200, 0 = y + 4. Calculate the greatest common factor of 64 and q.
16
Suppose 36*j + 90 = 41*j. What is the highest common divisor of j and 24?
6
Suppose 5*w - 10 - 25 = -2*i, 4*i = -w + 25. Let z(m) = m**3 + m**2 - 4*m - 3. Let a be z(-4). Let b = 20 - a. What is the highest common factor of b and w?
5
Let x(l) = -l**3 + 10*l**2 - 12*l - 13. Let t be x(8). What is the highest common divisor of 19 and t?
19
Suppose 2*d + 1 = -4*z + 5, -3*z = -2*d + 25. Calculate the highest common divisor of d and 8.
8
Suppose -g + 15 = 2*g. Suppose g = -d + 4. Let h be 27 - (1 - d - 3). Calculate the greatest common divisor of h and 4.
4
Suppose 0 = i + 3 - 6, -2*l - 4*i = -16. Let d(j) = -3*j - 1 + 2 + l*j. Let n be d(-1). What is the highest common factor of n and 6?
2
Let j = -59 + 95. What is the greatest common divisor of 96 and j?
12
Let i be (-270)/(-4) + 6/4. Let q(k) = -5*k - 2. Let d be (10/(-4))/(1/2). Let b be q(d). What is the greatest common divisor of b and i?
23
Suppose 24 = 5*i - 3*h, -h = h - 4. Suppose -j = -i*j + 200. Calculate the greatest common divisor of j and 16.
8
Suppose 2*z - 292 = -118. Let c = -33 + z. What is the greatest common factor of 6 and c?
6
Let x = -37 + 62. Calculate the highest common factor of x and 5.
5
Let g = -26 - -56. Calculate the greatest common divisor of 40 and g.
10
Let h = -46 + 70. Let k be 3/6*118 + 1. What is the greatest common divisor of k and h?
12
Suppose -3 - 3 = -r. Let v = 3 + r. What is the greatest common divisor of v and 18?
9
Suppose 0 = c + 24 - 31. Let w be (-466)/(-22) + 2/(-11). Calculate the highest common divisor of w and c.
7
Suppose 96 = 2*v + 2*v. Let c be (v/(-9))/(3/(-36)). Calculate the highest common factor of 4 and c.
4
Let r(d) = -d**3 + 3*d**2 + d - 1. Let g be r(3). Suppose 494 = 5*a - j, -106 = -2*a - g*j + 94. What is the highest common divisor of 11 and a?
11
Let u be 0*(-1)/3 + 2. Let y = u + -6. Let f be (4 + -2)*(-10)/y. What is the highest common factor of 35 and f?
5
Let y = -124 - -174. What is the greatest common factor of y and 5?
5
Let z(w) = -3*w - 5. Let g = 10 - 16. Let l = g + 1. Let i be z(l). What is the greatest common factor of 10 and i?
10
Let g = -2 - -2. Let n be 29*2 - 2 - g. What is the highest common divisor of 14 and n?
14
Let y(w) = -14*w + 6. Let f be y(-5). What is the highest common factor of 38 and f?
38
Suppose -j + c = -21, -6*j + 2*j + 93 = 5*c. Let k = 111 + -89. Calculate the highest common divisor of j and k.
22
Let r(v) = -2*v**2 - 4. Let x be r(-4). Let g = -17 + -5. Let d = g - x. Calculate the greatest common factor of d and 21.
7
Let s(t) = 4*t - 2*t + 5 - 6*t + t. Let b be s(4). Let h(u) = -u**3 - 8*u**2 - 6*u + 9. Let n be h(b). What is the highest common factor of 1 and n?
1
Let d be (21 - 17) + (-58)/(-2). Calculate the highest common divisor of d and 132.
33
Suppose s - 15 = -62. Let t = 101 + s. Let n = -32 + t. What is the greatest common factor of n and 33?
11
Suppose 0 = 4*w - b - 3, -2*b + 8 = -2*w + w. Let l = 10 - w. Let n = l - -6. What is the greatest common factor of n and 126?
14
Suppose 22 = 2*f - 18. What is the greatest common factor of f and 8?
4
Suppose 4*k + k = -15, 4*k = -2*r - 4. Suppose 4*m = -3*o + 130, o + 127 = r*o + m. Calculate the highest common factor of o and 6.
6
Suppose 4*g = 4*p - 140, 0 = 5*p - 5*g + 4*g - 183. Suppose u - 3*b = 3*u - 46, 5*b - p = -u. Calculate the highest common factor of u and 136.
17
Let h(k) be the second derivative of -k**4/12 - 2*k. Let v be h(-1). Let x be v - -3 - (-6 + 1). What is the greatest common divisor of x and 77?
7
Suppose y + 2*b = b + 8, -y - 2*b = -6. Suppose k - 1 = -5*f + 8, -2*k = 2*f - y. Suppose 0*g + k = g. What is the greatest common divisor of g and 28?
4
Let b be (-4 + 6 - 1)*54. What is the greatest common factor of 9 and b?
9
Suppose -12 = 2*v + 4*j, -3*v - 2*j + 3*j + 17 = 0. Let a = v + 5. Let k be (3 + 1)*(-18)/(-4). Calculate the highest common factor of k and a.
9
Let z = 2 - -2. Suppose 3*k + 62 = 4*s + 4*k, -z*k = -8. Let i(r) = -r**3 + 5*r**2 - 5*r + 3. Let v be i(3). What is the highest common divisor of s and v?
3
Suppose -60 = 112*o - 117*o. Calculate the highest common factor of 30 and o.
6
Let k(l) = l + 31. Let g be k(-5). Calculate the greatest common factor of g and 39.
13
Let m be 10/3 + (-7)/21. Suppose 5*q + 8*g - 10 = 3*g, -3*g = -3*q + 12. Let h be -3 - (-30 + q + 0). What is the highest common factor of m and h?
3
Suppose 8*q - 627 = -3*q. Suppose x = -0 - 2. Let i be x/7 - (-135)/7. Calculate the highest common factor of q and i.
19
Let q be 15/(-2)*(-3 - 9/(-5)). Calculate the greatest common divisor of 12 and q.
3
Let q(a) = 4*a**3 - 2*a**2 + 1. Let l be 2/8 + (-9)/(-12). Let v be q(l). What is the highest common divisor of v and 1?
1
Suppose -3 = -2*q + 1. Let x = 11 - 6. Suppose -5*c = -5*h - 15, -x*c + 3 = h - 0*h. What is the highest common divisor of q and c?
1
Let y be 3/(6/160)*(-2)/(-4). What is the greatest common divisor of y and 280?
40
Suppose -218 = -2*b - 3*s, -4*b - b - s = -571. Let i be 278/6 + 2/(-6). Calculate the highest common divisor of i and b.
23
Suppose d = -5*c + 30, -4*c + 68 = -4*d + 20. Let t = -76 + 139. What is the highest common factor of c and t?
7
Suppose 5*i + z - 25 = -0, -3*i - 3*z + 3 = 0. What is the highest common divisor of 8 and i?
2
Let t be (-1 - -1) + (-12)/4. Let a be -2*1/2 - t. Calculate the highest common divisor of 1 and a.
1
Let q = 0 + -1. Let s be (1 + q)/(0 + 1). Let c be -1*((-24)/2 - s). What is the greatest common divisor of 6 and c?
6
Let q(g) = -3*g**3 - 15*g**2 - 7*g - 5. Let p be q(-5). What is the highest common divisor of p and 10?
10
Let a = -19 + 29. Calculate the highest common divisor of 90 and a.
10
Let o = 8 + -10. Let l be 0 - (1 - (9 + o)). Calculate the highest common factor of l and 30.
6
Let h = 39 - 15. Calculate the greatest common divisor of h and 12